v) = 9 - v**2 + 4*v**2 - 6*v + 0*v**2 - 2*v**2. Let l be n(3). Suppose 8*d + 44 + 4 = l. Let b(p) = -5*p - 8. Calculate b(d).
22
Let s be (1 + (-3)/7)*623/178. Let q(l) be the second derivative of -1/20*l**5 + 0 - 1/3*l**3 - 1/2*l**4 + 1/2*l**s - 22*l. Determine q(-5).
-14
Suppose 4*f - 5*u = 2*f - 3971, -5*f = 4*u + 9878. Let y be f/115 - 1/(-5). Let j = -23 - y. Let d(h) = -h**2 - 8*h - 1. Calculate d(j).
11
Let b = 2010 + -1081. Let j(k) = b - 1859 + 928 + 2*k. What is j(5)?
8
Let a(s) = 174*s + 16. Let q(i) = -63*i - 5. Let z(v) = -4*a(v) - 11*q(v). What is z(-9)?
18
Suppose -304 + 296 = 8*g. Let f be (-1 - -2)/((-5)/(-10)). Let u(p) = p + p**f + 4 - 12 + 9 + 7*p**3. Give u(g).
-6
Suppose 3*i + 38 = -341*m + 336*m, m - 7*i = 38. Let y(h) = -2*h**3 - 6*h**2 - 2*h - 6. Give y(m).
34
Let h(d) = d**2 + 1. Let a(w) be the first derivative of w**4/4 + 23*w**3/3 - w**2/2 - 20*w + 68. Let g be a(-23). What is h(g)?
10
Let f(w) = w**2 - 20*w - 19. Let y be f(21). Suppose 6*c = 30 + 30. Let n(s) = 9 + 12*s - 2 - c. Calculate n(y).
21
Suppose 3*c - 6 = 6. Let v(t) = -7*t**3 + 10*t**2 - 10*t. Let f = -54 - -51. Let q(h) = -4*h**3 + 5*h**2 - 5*h. Let i(s) = f*v(s) + 5*q(s). Calculate i(c).
4
Let n(j) = -3*j - j + 6*j - 2. Let b(k) = 6*k**2 + 1. Let t be b(1). Let z(c) = -5*c + 38. Let d be z(t). What is n(d)?
4
Let i(w) = -5*w + 3. Let x(h) = h**2 + h - 2. Let y be x(-3). Suppose a - 2*p - 27 = p, 0 = -y*a - 3*p + 33. Suppose 5*f - 2 = -a, -f + 14 = 4*k. Give i(k).
-17
Let w(z) = 16*z**2 - 194*z + 64. Let k(d) = 19*d**2 - 229*d + 65. Let f(b) = -5*k(b) + 6*w(b). Calculate f(6).
-19
Let d(b) = b - 12. Let h(a) = -2*a + 27. Let t be h(-9). Let p = -33 + t. What is d(p)?
0
Let k(z) be the third derivative of z**4/24 + 2*z**3 - 3*z**2. Let f(v) = -3*v - 24. Let o(y) = -2*f(y) - 5*k(y). Let s = 629 + -623. Calculate o(s).
-6
Let x = 3 + -9. Let q = -5 - -7. Let k(l) = -7 + 17*l**2 + 7*l - 7*l**2 - 9*l**q + 11 - 7. Give k(x).
-9
Suppose -4*u = -f - 8, -4*u - 4*f + 7 = -1. Let g(y) = -2 - 7*y + 0 + 3*y**u - 4*y**2 - 3. Determine g(-7).
-5
Let t(x) = -34984 - 4*x**2 + 0*x**3 + 2*x - x**3 + 69974 - 34985. Let k(a) = -a**2 + a - 4. Let j be k(0). What is t(j)?
-3
Let u(y) be the first derivative of 5*y**2/2 + 15583. Let g(c) = -c - 6. Let r be g(-7). Calculate u(r).
5
Let f(z) be the third derivative of z**4/12 - z**3/6 + 3*z**2. Suppose 0 = -82*v + 17*v + 199 - 264. What is f(v)?
-3
Suppose -4*n = -2*c - 42, 2*c = -5*n + 43 + 32. Let q(h) = -h**3 + 2*h - 3 + h**2 + n*h**2 - 12*h**2. Determine q(3).
-6
Let w(f) = f**3 + 6*f**2 - f - 7. Let k be 36/16 + (-1)/4. Let t(n) = n**2 + 2*n - 4. Let s be t(k). Let i = s - 10. Calculate w(i).
-1
Let p(x) = 10*x + 6. Let m(g) = -428*g + 14978. Let u be m(35). Give p(u).
-14
Let s(b) = 7*b + 5. Suppose -20*r + 16*r - 16 = 0. Let q(f) = -9*f - 7. Let g(t) = r*q(t) - 5*s(t). Determine g(-8).
-5
Let f(x) = 33*x - 24. Let v(p) = -50*p + 36. Let j(o) = 7*f(o) + 5*v(o). Let r be j(2). Let d = -23 - r. Let i(m) = m**3 - 4*m**2 + 3*m + 3. Determine i(d).
3
Let a(p) be the second derivative of -1/20*p**5 - 1/3*p**3 + 7/2*p**2 + 0 + 5*p - 2/3*p**4. Determine a(-8).
23
Let k(o) = 33*o - 2. Let d(q) = -29*q + 1. Let c(y) = 9*d(y) + 8*k(y). What is c(4)?
5
Let x(b) = -b**2 + 31*b + 20. Let y(u) = -10*u - 7. Let t(o) = -4*x(o) - 11*y(o). Let p be t(4). Let r(w) = -w - 4. Determine r(p).
-9
Suppose 0 = 59*d - 43*d - 304. Let h(i) = d + 16 + i**2 + 9*i + 27 - 52. Give h(-7).
-4
Let r(c) = -16*c - 5. Let g(b) be the first derivative of -40*b**2 - 28*b - 109. Let i(f) = 2*g(f) - 11*r(f). Calculate i(1).
15
Let n(y) be the third derivative of 1/6*y**3 + 0 + 55*y**2 - 1/60*y**5 + 0*y + 7/24*y**4. Determine n(6).
7
Let g(p) be the second derivative of -p**5/20 + 7*p**4/12 - 7*p**3/3 + 46*p**2 + 1387*p. Determine g(7).
-6
Let t(g) be the third derivative of -g**4/8 - 7*g**3/6 + 195*g**2. Suppose 2*f + 0*f = -46. Let a be f/4 - (-1)/(-4). What is t(a)?
11
Let j = -15 - -17. Let s(l) = -10 + 5*l**j + 25 - 11 - 4*l**2. Let u be -2*4 - (-4 - -5 - 5). Give s(u).
20
Let r(p) = -3*p**2 - 44*p - 8. Let h be 13 + -13 + 6 + 20*-1. Give r(h).
20
Suppose 23*x + 12 = 27*x. Let t(g) = 82*g + 4 - 178*g + 90*g. Determine t(x).
-14
Let w = -83 + 122. Let x = -39 + w. Let q(m) = -13*m - 21. Let s(z) = 11*z + 19. Let o(d) = 5*q(d) + 6*s(d). Determine o(x).
9
Let t(b) = b**3 - 5*b**2 + 9*b - 30. Let w be t(5). Let f(p) = 25 - 16 - 2*p - w. Give f(-4).
2
Let m(z) = 2*z + 2. Let p(s) = -3*s - 3. Let n(r) = 5*m(r) + 4*p(r). Suppose -7*x = 29 - 50. Suppose x*t - 31 = -22. Determine n(t).
-8
Let h(i) = 2*i**2. Let c(o) = o + 4. Let f be c(-6). Let z be ((-2)/1)/f + 17 + -20. Let w be (-1 - z/(-4)) + 27/(-54). Calculate h(w).
8
Let l(m) = -3*m - 2. Let b(n) = -5*n + 15. Let i(o) = 3*o - 8. Let p(u) = -4*b(u) - 7*i(u). Let a be p(0). Let y(k) = k + 1. Let f be y(a). Determine l(f).
7
Let o(w) = w**2 - 27*w + 62. Let p be o(25). Let t(i) = -49*i - 10 + p*i + 11*i + 12*i + 15*i. Calculate t(-10).
-20
Let l be 3/12 + (-458)/8. Let t = 53 + l. Let o(c) = 2*c**2 + 6*c + 5. Calculate o(t).
13
Let w(o) = 5*o - 2. Suppose -60 = -3*i - 12*i. Let v(j) = j**2 - 5*j + 12. Let x be v(i). Calculate w(x).
38
Let h(y) be the third derivative of -y**6/120 - y**5/10 - 3*y**4/8 - 7*y**3/6 - 2511*y**2. What is h(-3)?
-7
Suppose 0 = h + b - 124, -h + 99 = b - 5*b. Let u = h - 124. Let g(w) = -w + 1. Calculate g(u).
6
Let a(l) = -l**3 + 50*l**2 - 144*l + 131. Let k be a(47). Let q(i) = -i**3 - 9*i**2 + 4*i - 52. What is q(k)?
8
Suppose -5 + 1 = -w. Suppose -5*x = -r + 18, r = -w*r + x + 42. Let l(o) = 70*o - 6 + 13*o - 82*o. What is l(r)?
2
Let c(p) = 5*p - 2 - 221754*p**2 - 12*p - p**3 + 221748*p**2. Let w = -17 + 12. Calculate c(w).
8
Let k be (-11)/4 + 3/4. Let v be 120/32 - k/8. Let u(w) = w**2 - w + 37. Let m(g) = g**2 - g + 31. Let q(a) = -7*m(a) + 6*u(a). Give q(v).
-7
Suppose -5*a - 5*a + 6*a - 4*a = 0. Let s(l) = l**2 - l + 5. Give s(a).
5
Let q(u) = -31*u - 1653. Let g be q(-54). Let d(m) = -m**2 + 19*m + 36. Determine d(g).
-6
Let m(k) = k**3 - 18*k**2 + 29*k - 13. Let h(n) = n**3 - 16*n**2 + 26*n - 11. Let y(t) = 7*h(t) - 6*m(t). What is y(5)?
66
Let g(a) be the first derivative of -a**4/24 + 3*a**3 - 11*a**2/2 + a + 57. Let k(l) be the second derivative of g(l). What is k(9)?
9
Let d(r) be the third derivative of -r**5/60 + r**4/2 - 8*r**3/3 + 2*r**2 - 5*r. Let q be 14/(-7) + (15 - (-4)/(-4)). Calculate d(q).
-16
Let a(c) be the second derivative of 1/24*c**5 + 0*c**3 - 14*c - 1/720*c**6 + 0 + 11/12*c**4 + 0*c**2. Let t(s) be the third derivative of a(s). Give t(5).
0
Let f(b) = -2*b**2 + 39*b - 51. Let s(a) = -10*a**3 - 91*a**2 - 5*a + 54. Let k be s(-9). Determine f(k).
3
Let t(d) = -2*d**2 + 4*d - 1. Suppose -2*j + 13 - 3 = 0. Suppose 2 = -j*h + 6*h. Let s be 6*((-5)/h + 2)/(-1). Calculate t(s).
-7
Let l(f) = 2*f - 2. Let u(w) = -4 + 6*w + 1 + w - 4*w. Suppose o - 4*a = -o - 6, 4*a = -3*o + 21. Let v(p) = o*u(p) - 4*l(p). Calculate v(-5).
-6
Suppose 75*g - 72*g + 5*y - 42 = 0, -g - y = -16. Let o(q) = 5*q - 79. Calculate o(g).
16
Let u(c) = c**3 - 34*c**2 - 80*c + 294. Let g be u(36). Let x(k) = k**3 - 5*k**2 - 2*k - 2. What is x(g)?
22
Let v(f) be the second derivative of 8*f**2 - 3*f - 5 + 1/12*f**4 - 8/3*f**3. What is v(14)?
-12
Let i = -75167 - -75161. Let v(g) = -13*g + 3. Suppose 0 = 2*h + 4, -5*r - 33 = -h + 25. Let m(n) = -32*n + 8. Let t(w) = r*v(w) + 5*m(w). What is t(i)?
28
Let l(c) = -53*c + 318. Let i be l(6). Let t(p) = 0*p + 40*p**2 + 19 + 0*p - 41*p**2. Determine t(i).
19
Let k(y) = 10*y**2 - 12*y - 65 - 17*y**2 + 8*y**2 + y**2. Determine k(9).
-11
Let n be (8/5 + -2)*10. Let z(c) be the first derivative of 1/2*c**2 - 3*c + 26. Calculate z(n).
-7
Let i(k) = -k**2 + 5*k - 16. Let x(o) = 2*o**2 - 8*o + 31. Let u(l) = -5*i(l) - 3*x(l). What is u(5)?
-43
Suppose -238 = -g - 2*g + 4*l, 0 = 5*g - 5*l - 405. Let j = -80 + g. Let c(q) = 3*q + 3*q - q**3 + 5*q**2 + 1 - q. Determine c(j).
-5
Let u(o) = -o**2 - o + 6. Let z be 3*-1 - (1 - (8 + -4)). Let j be u(z). Suppose 0 = -5*l - j - 4. Let h(s) = -3*s**3 - 4*s**2 - 2*s + 1. Give h(l).
13
Let k(x) = -3*x + 5*x - 3*x + 0*x - 6. Let g be -340*(4/(-60) + (-1)/3). Let m = -130 + g. What is k(m)?
-12
Let o(c) = -7*c + 2